{"id":1276,"date":"2021-06-29T18:47:26","date_gmt":"2021-06-29T18:47:26","guid":{"rendered":"https:\/\/www.orus.cloud\/lacasitadelherrador\/?page_id=1276"},"modified":"2021-06-29T19:24:30","modified_gmt":"2021-06-29T19:24:30","slug":"fiestas-y-eventos","status":"publish","type":"page","link":"https:\/\/www.orus.cloud\/lacasitadelherrador\/?page_id=1276","title":{"rendered":"FIESTAS Y EVENTOS"},"content":{"rendered":"<p>[vc_row][vc_column]<div class=\"ult-animation  ult-animate-viewport  ult-no-mobile \" data-animate=\"flipInX\" data-animation-delay=\"0.3\" data-animation-duration=\"1\" data-animation-iteration=\"1\" style=\"opacity:0;\" data-opacity_start_effect=\"100\">[vc_empty_space]<div id=\"ultimate-heading-314869ee3e2da1f9a\" class=\"uvc-heading ult-adjust-bottom-margin ultimate-heading-314869ee3e2da1f9a uvc-868 \" data-hspacer=\"image_only\"  data-halign=\"center\" style=\"text-align:center\"><div class=\"uvc-heading-spacer image_only\" style=\"margin-bottom:10px;\"><img decoding=\"async\" src=\"https:\/\/www.orus.cloud\/lacasitadelherrador\/wp-content\/uploads\/2021\/06\/herradura.png\" class=\"ultimate-headings-icon-image\" alt=\"null\" style=\"width:48px\"\/><\/div><div class=\"uvc-main-heading ult-responsive\"  data-ultimate-target='.uvc-heading.ultimate-heading-314869ee3e2da1f9a h2'  data-responsive-json-new='{\"font-size\":\"desktop:25px;\",\"line-height\":\"\"}' ><h2 style=\"font-family:&#039;Poppins&#039;;font-weight:600;color:#3d3935;\">FIESTAS<\/h2><\/div><\/div><\/div><div class=\"ult-content-box-container text_about\" >\t\t<div class=\"ult-content-box\" style=\"box-shadow: px px px px rgb(247, 247, 247) none;padding-top:16px;margin-top:0px;margin-right:204px;margin-bottom:0px;margin-left:204px;-webkit-transition: all 700ms ease;-moz-transition: all 700ms ease;-ms-transition: all 700ms ease;-o-transition: all 700ms ease;transition: all 700ms ease;\"  data-hover_box_shadow=\"none\"   data-responsive_margins=\"margin-top:0px;margin-right:15px;margin-bottom:0px;margin-left:15px;\"   data-normal_margins=\"margin-top:0px;margin-right:204px;margin-bottom:0px;margin-left:204px;\"  >[vc_column_text]Las fiestas y tradiciones que dispone nuestro municipio son variadas y en diferentes \u00e9pocas del a\u00f1o, todas ellas son de gran historia e inter\u00e9s cultural, no te las pierdas, para estar informado sobre fechas puedes consultar la <a href=\"https:\/\/www.burgodeosma.com\/#\">web del ayuntamiento<\/a> o bien nosotros te asesoraremos en nuestros medios de contacto.[\/vc_column_text]\t\t<\/div><\/div>[\/vc_column][\/vc_row][vc_row el_class=&#8221;city-villa&#8221;][vc_column el_class=&#8221;no-gutter-top&#8221;][vc_row_inner el_class=&#8221;no-gutter&#8221;][vc_column_inner width=&#8221;1\/2&#8243; offset=&#8221;vc_col-lg-3 vc_col-md-6&#8243;]<div class=\"banner-container \" id=\"arp_banner-1158682463\"> \r\n\t<div class=\"banner-content banner-type-3  \r\n\t\ttext-center\t\t\t\t \r\n\t\t\" data-animation-delay=\"500\" data-animation=\"\">\r\n\t\t<div class=\"img-banner\">\r\n\t\t\t\t\t\t\t<img decoding=\"async\" src=\"https:\/\/www.orus.cloud\/lacasitadelherrador\/wp-content\/uploads\/2021\/06\/carnaval.jpg\" alt=\"img\">\r\n\t\t\t\t\t<\/div>\r\n\t\t<div class=\"banner-desc \" style =\"color: #ffffff\">\r\n\t\t\t\t\t\t\t\t\r\n\t\t\t\t\t\t\r\n\t\t\t\t\t\t\t<h3 style =\"color: #f5f5f5\">CARNAVALES<\/h3>\r\n\t\t\t\t\r\n\t\t\t<div class=\"hide-content transition display-onhover animated animated_custom\">\t\t\t\r\n\t\t\t\t\r\n\t\t\t<p><span>comienzan el d\u00eda de jueves lardero. Es tradici\u00f3n ir\u00a0 merendar a los montes de la localidad chorizo, pan y huevo. Y finalizan el martes de carnaval con el tradicional entierro de la sardina. Durante esos dias se celebran varias actividades.<\/span><\/p>\n\t\r\n\t\t\t<\/div>\t\r\n\t\t\t\r\n\t\t<\/div>\r\n\t\t\t\t\t\t\r\n\t<\/div>\r\n<\/div>\n[\/vc_column_inner][vc_column_inner width=&#8221;1\/2&#8243; offset=&#8221;vc_col-lg-3 vc_col-md-6&#8243;]<div class=\"banner-container \" id=\"arp_banner-1265156113\"> \r\n\t<div class=\"banner-content banner-type-3  \r\n\t\ttext-center\t\t\t\t \r\n\t\t\" data-animation-delay=\"500\" data-animation=\"\">\r\n\t\t<div class=\"img-banner\">\r\n\t\t\t\t\t\t\t<img decoding=\"async\" src=\"https:\/\/www.orus.cloud\/lacasitadelherrador\/wp-content\/uploads\/2021\/06\/ssant.jpg\" alt=\"img\">\r\n\t\t\t\t\t<\/div>\r\n\t\t<div class=\"banner-desc \" style =\"color: #ffffff\">\r\n\t\t\t\t\t\t\t\t\r\n\t\t\t\t\t\t\r\n\t\t\t\t\t\t\t<h3 style =\"color: #f5f5f5\">SEMANA SANTA<\/h3>\r\n\t\t\t\t\r\n\t\t\t<div class=\"hide-content transition display-onhover animated animated_custom\">\t\t\t\r\n\t\t\t\t\r\n\t\t\t<p><span>Declarada de Inter\u00e9s Tur\u00edstico Regional. Con procesiones durante toda la semana, siendo la m\u00e1s conocida la del viernes santo con m\u00e1s de 20 pasos y la del Domingo de Resurrecci\u00f3n donde se saca en procesi\u00f3n una imagen de Juan de Juni.<\/span><\/p>\n\t\r\n\t\t\t<\/div>\t\r\n\t\t\t\r\n\t\t<\/div>\r\n\t\t\t\t\t\t\r\n\t<\/div>\r\n<\/div>\n[\/vc_column_inner][vc_column_inner width=&#8221;1\/2&#8243; offset=&#8221;vc_col-lg-3 vc_col-md-6&#8243;]<div class=\"banner-container \" id=\"arp_banner-228708848\"> \r\n\t<div class=\"banner-content banner-type-3  \r\n\t\ttext-center\t\t\t\t \r\n\t\t\" data-animation-delay=\"500\" data-animation=\"\">\r\n\t\t<div class=\"img-banner\">\r\n\t\t\t\t\t\t\t<img decoding=\"async\" src=\"https:\/\/www.orus.cloud\/lacasitadelherrador\/wp-content\/uploads\/2021\/06\/Corpus-Christi.jpg\" alt=\"img\">\r\n\t\t\t\t\t<\/div>\r\n\t\t<div class=\"banner-desc \" style =\"color: #ffffff\">\r\n\t\t\t\t\t\t\t\t\r\n\t\t\t\t\t\t\r\n\t\t\t\t\t\t\t<h3 style =\"color: #f5f5f5\">CORPUS CHRISTI<\/h3>\r\n\t\t\t\t\r\n\t\t\t<div class=\"hide-content transition display-onhover animated animated_custom\">\t\t\t\r\n\t\t\t\t\r\n\t\t\t<p><span>Se realizan alfombras florales con diferentes motivos que son pisadas al salir la procesi\u00f3n con los ni\u00f1os que han hecho ese a\u00f1o la comuni\u00f3n.<\/span><\/p>\n\t\r\n\t\t\t<\/div>\t\r\n\t\t\t\r\n\t\t<\/div>\r\n\t\t\t\t\t\t\r\n\t<\/div>\r\n<\/div>\n[\/vc_column_inner][vc_column_inner width=&#8221;1\/2&#8243; offset=&#8221;vc_col-lg-3 vc_col-md-6&#8243;]<div class=\"banner-container \" id=\"arp_banner-2435197213\"> \r\n\t<div class=\"banner-content banner-type-3  \r\n\t\ttext-center\t\t\t\t \r\n\t\t\" data-animation-delay=\"500\" data-animation=\"\">\r\n\t\t<div class=\"img-banner\">\r\n\t\t\t\t\t\t\t<img decoding=\"async\" src=\"https:\/\/www.orus.cloud\/lacasitadelherrador\/wp-content\/uploads\/2021\/06\/rueda.jpg\" alt=\"img\">\r\n\t\t\t\t\t<\/div>\r\n\t\t<div class=\"banner-desc \" style =\"color: #ffffff\">\r\n\t\t\t\t\t\t\t\t\r\n\t\t\t\t\t\t\r\n\t\t\t\t\t\t\t<h3 style =\"color: #f5f5f5\">FIESTAS DE LA VIRGEN DEL ESPINO Y SAN ROQUE<\/h3>\r\n\t\t\t\t\r\n\t\t\t<div class=\"hide-content transition display-onhover animated animated_custom\">\t\t\t\r\n\t\t\t\t\r\n\t\t\t<p><span>del 14 al 19 de agosto se celebran las fiestas grandes de El Burgo de Osma. Con actos religiosos, festejos taurinos, las tradicionales subida y bajada de los toros con la gran participaci\u00f3n de las pe\u00f1as en todos los actos. Fuegos artificiales, salida de gigantes y cabezudos, cuca\u00f1as y el tradicional baile de la rueda, que se baila en c\u00edrculos en la Plaza Mayor, siendo el primer d\u00eda que se baila el 16 de julio (festividad de la Virgen del Carmen) y el \u00faltimo el 19 de agosto.<\/span><\/p>\n\t\r\n\t\t\t<\/div>\t\r\n\t\t\t\r\n\t\t<\/div>\r\n\t\t\t\t\t\t\r\n\t<\/div>\r\n<\/div>\n[\/vc_column_inner][\/vc_row_inner][vc_empty_space][vc_column_text]<span>FIESTAS DE SANTA CRISTINA Y SANTIAGO: Se celebran en Osma el 24 y 25 de julio, aunque siempre tienen m\u00e1s d\u00edas de duraci\u00f3n. Con pe\u00f1as, actos religiosos (en esos d\u00edas se puede visitar la imagen de Sta. Cristina), varias actividades deportivas y l\u00fadicas, fuegos artificiales, etc.<\/span><\/p>\n<p>&nbsp;<\/p>\n<p><span>FIESTAS DE SAN MATEO: 21 de septiembre. Se celebran en Osma durante el tercer fin de semana del citado mes. Con actos religiosos, diferentes actividades, salida de gigantes y cabezudos, disfraces, caldereta\u00a0y el popular baile de la escoba, que se baila en la plaza alrededor del \u00e1rbol. Los participantes llevan una escoba y cuando la m\u00fasica\u00a0para todos se agachan, recibiendo escobazos el que no lo haga.<\/span><\/p>\n<p>[\/vc_column_text][\/vc_column][\/vc_row][vc_row][vc_column][vc_empty_space]<div class=\"ult-animation  ult-animate-viewport  ult-no-mobile \" data-animate=\"flipInX\" data-animation-delay=\"0.3\" data-animation-duration=\"1\" data-animation-iteration=\"1\" style=\"opacity:0;\" data-opacity_start_effect=\"100\">[vc_empty_space]<div id=\"ultimate-heading-831269ee3e2da44b1\" class=\"uvc-heading ult-adjust-bottom-margin ultimate-heading-831269ee3e2da44b1 uvc-4533 \" data-hspacer=\"image_only\"  data-halign=\"center\" style=\"text-align:center\"><div class=\"uvc-heading-spacer image_only\" style=\"margin-bottom:10px;\"><img decoding=\"async\" src=\"https:\/\/www.orus.cloud\/lacasitadelherrador\/wp-content\/uploads\/2021\/06\/herradura.png\" class=\"ultimate-headings-icon-image\" alt=\"null\" style=\"width:48px\"\/><\/div><div class=\"uvc-main-heading ult-responsive\"  data-ultimate-target='.uvc-heading.ultimate-heading-831269ee3e2da44b1 h2'  data-responsive-json-new='{\"font-size\":\"desktop:25px;\",\"line-height\":\"\"}' ><h2 style=\"font-family:&#039;Poppins&#039;;font-weight:600;color:#3d3935;\">OTROS EVENTOS<\/h2><\/div><\/div><\/div>[vc_row_inner][vc_column_inner width=&#8221;1\/4&#8243;][vc_single_image image=&#8221;1290&#8243; img_size=&#8221;full&#8221;][\/vc_column_inner][vc_column_inner width=&#8221;1\/2&#8243;][vc_empty_space][vc_column_text]<\/p>\n<h1 style=\"text-align: center;\"><span>JORNADAS DE LA MATANZA<\/span><\/h1>\n<p><span>Declaradas Fiestas de Inter\u00e9s Tur\u00edstico.\u00a0 A finales del mes de Enero y hasta Semana Santa aproximadamente, durante los fines de semana se celebran en el restaurante Virrey Palafox unas jornadas culinarias con m\u00e1s de 20 platos con el cerdo como men\u00fa. Tambi\u00e9n hacen la demostraci\u00f3n del rito del sacrificio del cerdo a la manera tradicional, con gaiteros animando.<\/span><\/p>\n<p style=\"text-align: center;\"><a href=\"http:\/\/www.jornadasdelamatanza.com\/\">Informaci\u00f3n y reservas<\/a><\/p>\n<p>[\/vc_column_text][\/vc_column_inner][vc_column_inner width=&#8221;1\/4&#8243;][vc_single_image image=&#8221;1284&#8243; img_size=&#8221;full&#8221;][\/vc_column_inner][\/vc_row_inner][\/vc_column][\/vc_row][vc_row][vc_column][vc_hoverbox image=&#8221;1297&#8243; primary_title=&#8221;&#8221; hover_title=&#8221;MERCADO CELT\u00cdBERO-ROMANO&#8221;]<span>Se suele celebrar un fin de semana de julio- agosto. Con espect\u00e1culos\u00a0 y puestos que dan un ambiente inspirado en esa \u00e9poca y demostraci\u00f3n de alguno de\u00a0 los oficios tradicionales de entonces.<\/span>[\/vc_hoverbox][\/vc_column][\/vc_row]<\/p>\n","protected":false},"excerpt":{"rendered":"<p>[vc_row][vc_column][\/vc_column][\/vc_row][vc_row el_class=&#8221;city-villa&#8221;][vc_column el_class=&#8221;no-gutter-top&#8221;][vc_row_inner el_class=&#8221;no-gutter&#8221;][vc_column_inner width=&#8221;1\/2&#8243; offset=&#8221;vc_col-lg-3 vc_col-md-6&#8243;][\/vc_column_inner][vc_column_inner width=&#8221;1\/2&#8243; offset=&#8221;vc_col-lg-3 vc_col-md-6&#8243;][\/vc_column_inner][vc_column_inner width=&#8221;1\/2&#8243; offset=&#8221;vc_col-lg-3 vc_col-md-6&#8243;][\/vc_column_inner][vc_column_inner width=&#8221;1\/2&#8243; offset=&#8221;vc_col-lg-3 vc_col-md-6&#8243;][\/vc_column_inner][\/vc_row_inner][vc_empty_space][vc_column_text]FIESTAS DE SANTA CRISTINA Y SANTIAGO: Se celebran en Osma el 24 y 25 de julio, aunque siempre tienen m\u00e1s d\u00edas de duraci\u00f3n. Con pe\u00f1as, actos religiosos (en esos d\u00edas se puede visitar la imagen [&hellip;]<\/p>\n","protected":false},"author":1,"featured_media":0,"parent":0,"menu_order":0,"comment_status":"closed","ping_status":"closed","template":"","meta":{"footnotes":""},"class_list":["post-1276","page","type-page","status-publish","hentry"],"_links":{"self":[{"href":"https:\/\/www.orus.cloud\/lacasitadelherrador\/index.php?rest_route=\/wp\/v2\/pages\/1276","targetHints":{"allow":["GET"]}}],"collection":[{"href":"https:\/\/www.orus.cloud\/lacasitadelherrador\/index.php?rest_route=\/wp\/v2\/pages"}],"about":[{"href":"https:\/\/www.orus.cloud\/lacasitadelherrador\/index.php?rest_route=\/wp\/v2\/types\/page"}],"author":[{"embeddable":true,"href":"https:\/\/www.orus.cloud\/lacasitadelherrador\/index.php?rest_route=\/wp\/v2\/users\/1"}],"replies":[{"embeddable":true,"href":"https:\/\/www.orus.cloud\/lacasitadelherrador\/index.php?rest_route=%2Fwp%2Fv2%2Fcomments&post=1276"}],"version-history":[{"count":12,"href":"https:\/\/www.orus.cloud\/lacasitadelherrador\/index.php?rest_route=\/wp\/v2\/pages\/1276\/revisions"}],"predecessor-version":[{"id":1299,"href":"https:\/\/www.orus.cloud\/lacasitadelherrador\/index.php?rest_route=\/wp\/v2\/pages\/1276\/revisions\/1299"}],"wp:attachment":[{"href":"https:\/\/www.orus.cloud\/lacasitadelherrador\/index.php?rest_route=%2Fwp%2Fv2%2Fmedia&parent=1276"}],"curies":[{"name":"wp","href":"https:\/\/api.w.org\/{rel}","templated":true}]}}

<p>[vc_row][vc_column]<div class="ult-animation  ult-animate-viewport  ult-no-mobile " data-animate="flipInX" data-animation-delay="0.3" data-animation-duration="1" data-animation-iteration="1" style="opacity:0;" data-opacity_start_effect="100">[vc_empty_space]<div id="ultimate-heading-314869ee3e2da1f9a" class="uvc-heading ult-adjust-bottom-margin ultimate-heading-314869ee3e2da1f9a uvc-868 " data-hspacer="image_only"  data-halign="center" style="text-align:center"><div class="uvc-heading-spacer image_only" style="margin-bottom:10px;"><img decoding="async" src="https://www.orus.cloud/lacasitadelherrador/wp-content/uploads/2021/06/herradura.png" class="ultimate-headings-icon-image" alt="null" style="width:48px"/></div><div class="uvc-main-heading ult-responsive"  data-ultimate-target='.uvc-heading.ultimate-heading-314869ee3e2da1f9a h2'  data-responsive-json-new='{"font-size":"desktop:25px;","line-height":""}' ><h2 style="font-family:&#039;Poppins&#039;;font-weight:600;color:#3d3935;">FIESTAS</h2></div></div></div><div class="ult-content-box-container text_about" >		<div class="ult-content-box" style="box-shadow: px px px px rgb(247, 247, 247) none;padding-top:16px;margin-top:0px;margin-right:204px;margin-bottom:0px;margin-left:204px;-webkit-transition: all 700ms ease;-moz-transition: all 700ms ease;-ms-transition: all 700ms ease;-o-transition: all 700ms ease;transition: all 700ms ease;"  data-hover_box_shadow="none"   data-responsive_margins="margin-top:0px;margin-right:15px;margin-bottom:0px;margin-left:15px;"   data-normal_margins="margin-top:0px;margin-right:204px;margin-bottom:0px;margin-left:204px;"  >[vc_column_text]Las fiestas y tradiciones que dispone nuestro municipio son variadas y en diferentes épocas del año, todas ellas son de gran historia e interés cultural, no te las pierdas, para estar informado sobre fechas puedes consultar la <a href="https://www.burgodeosma.com/#">web del ayuntamiento</a> o bien nosotros te asesoraremos en nuestros medios de contacto.[/vc_column_text]		</div></div>[/vc_column][/vc_row][vc_row el_class=&#8221;city-villa&#8221;][vc_column el_class=&#8221;no-gutter-top&#8221;][vc_row_inner el_class=&#8221;no-gutter&#8221;][vc_column_inner width=&#8221;1/2&#8243; offset=&#8221;vc_col-lg-3 vc_col-md-6&#8243;]<div class="banner-container " id="arp_banner-1158682463"> 
	<div class="banner-content banner-type-3  
		text-center				 
		" data-animation-delay="500" data-animation="">
		<div class="img-banner">
							<img decoding="async" src="https://www.orus.cloud/lacasitadelherrador/wp-content/uploads/2021/06/carnaval.jpg" alt="img">
					</div>
		<div class="banner-desc " style ="color: #ffffff">
								
						
							<h3 style ="color: #f5f5f5">CARNAVALES</h3>
				
			<div class="hide-content transition display-onhover animated animated_custom">			
				
			<p><span>comienzan el día de jueves lardero. Es tradición ir  merendar a los montes de la localidad chorizo, pan y huevo. Y finalizan el martes de carnaval con el tradicional entierro de la sardina. Durante esos dias se celebran varias actividades.</span></p>
	
			</div>	
			
		</div>
						
	</div>
</div>
[/vc_column_inner][vc_column_inner width=&#8221;1/2&#8243; offset=&#8221;vc_col-lg-3 vc_col-md-6&#8243;]<div class="banner-container " id="arp_banner-1265156113"> 
	<div class="banner-content banner-type-3  
		text-center				 
		" data-animation-delay="500" data-animation="">
		<div class="img-banner">
							<img decoding="async" src="https://www.orus.cloud/lacasitadelherrador/wp-content/uploads/2021/06/ssant.jpg" alt="img">
					</div>
		<div class="banner-desc " style ="color: #ffffff">
								
						
							<h3 style ="color: #f5f5f5">SEMANA SANTA</h3>
				
			<div class="hide-content transition display-onhover animated animated_custom">			
				
			<p><span>Declarada de Interés Turístico Regional. Con procesiones durante toda la semana, siendo la más conocida la del viernes santo con más de 20 pasos y la del Domingo de Resurrección donde se saca en procesión una imagen de Juan de Juni.</span></p>
	
			</div>	
			
		</div>
						
	</div>
</div>
[/vc_column_inner][vc_column_inner width=&#8221;1/2&#8243; offset=&#8221;vc_col-lg-3 vc_col-md-6&#8243;]<div class="banner-container " id="arp_banner-228708848"> 
	<div class="banner-content banner-type-3  
		text-center				 
		" data-animation-delay="500" data-animation="">
		<div class="img-banner">
							<img decoding="async" src="https://www.orus.cloud/lacasitadelherrador/wp-content/uploads/2021/06/Corpus-Christi.jpg" alt="img">
					</div>
		<div class="banner-desc " style ="color: #ffffff">
								
						
							<h3 style ="color: #f5f5f5">CORPUS CHRISTI</h3>
				
			<div class="hide-content transition display-onhover animated animated_custom">			
				
			<p><span>Se realizan alfombras florales con diferentes motivos que son pisadas al salir la procesión con los niños que han hecho ese año la comunión.</span></p>
	
			</div>	
			
		</div>
						
	</div>
</div>
[/vc_column_inner][vc_column_inner width=&#8221;1/2&#8243; offset=&#8221;vc_col-lg-3 vc_col-md-6&#8243;]<div class="banner-container " id="arp_banner-2435197213"> 
	<div class="banner-content banner-type-3  
		text-center				 
		" data-animation-delay="500" data-animation="">
		<div class="img-banner">
							<img decoding="async" src="https://www.orus.cloud/lacasitadelherrador/wp-content/uploads/2021/06/rueda.jpg" alt="img">
					</div>
		<div class="banner-desc " style ="color: #ffffff">
								
						
							<h3 style ="color: #f5f5f5">FIESTAS DE LA VIRGEN DEL ESPINO Y SAN ROQUE</h3>
				
			<div class="hide-content transition display-onhover animated animated_custom">			
				
			<p><span>del 14 al 19 de agosto se celebran las fiestas grandes de El Burgo de Osma. Con actos religiosos, festejos taurinos, las tradicionales subida y bajada de los toros con la gran participación de las peñas en todos los actos. Fuegos artificiales, salida de gigantes y cabezudos, cucañas y el tradicional baile de la rueda, que se baila en círculos en la Plaza Mayor, siendo el primer día que se baila el 16 de julio (festividad de la Virgen del Carmen) y el último el 19 de agosto.</span></p>
	
			</div>	
			
		</div>
						
	</div>
</div>
[/vc_column_inner][/vc_row_inner][vc_empty_space][vc_column_text]<span>FIESTAS DE SANTA CRISTINA Y SANTIAGO: Se celebran en Osma el 24 y 25 de julio, aunque siempre tienen más días de duración. Con peñas, actos religiosos (en esos días se puede visitar la imagen de Sta. Cristina), varias actividades deportivas y lúdicas, fuegos artificiales, etc.</span></p>
<p>&nbsp;</p>
<p><span>FIESTAS DE SAN MATEO: 21 de septiembre. Se celebran en Osma durante el tercer fin de semana del citado mes. Con actos religiosos, diferentes actividades, salida de gigantes y cabezudos, disfraces, caldereta y el popular baile de la escoba, que se baila en la plaza alrededor del árbol. Los participantes llevan una escoba y cuando la música para todos se agachan, recibiendo escobazos el que no lo haga.</span></p>
<p>[/vc_column_text][/vc_column][/vc_row][vc_row][vc_column][vc_empty_space]<div class="ult-animation  ult-animate-viewport  ult-no-mobile " data-animate="flipInX" data-animation-delay="0.3" data-animation-duration="1" data-animation-iteration="1" style="opacity:0;" data-opacity_start_effect="100">[vc_empty_space]<div id="ultimate-heading-831269ee3e2da44b1" class="uvc-heading ult-adjust-bottom-margin ultimate-heading-831269ee3e2da44b1 uvc-4533 " data-hspacer="image_only"  data-halign="center" style="text-align:center"><div class="uvc-heading-spacer image_only" style="margin-bottom:10px;"><img decoding="async" src="https://www.orus.cloud/lacasitadelherrador/wp-content/uploads/2021/06/herradura.png" class="ultimate-headings-icon-image" alt="null" style="width:48px"/></div><div class="uvc-main-heading ult-responsive"  data-ultimate-target='.uvc-heading.ultimate-heading-831269ee3e2da44b1 h2'  data-responsive-json-new='{"font-size":"desktop:25px;","line-height":""}' ><h2 style="font-family:&#039;Poppins&#039;;font-weight:600;color:#3d3935;">OTROS EVENTOS</h2></div></div></div>[vc_row_inner][vc_column_inner width=&#8221;1/4&#8243;][vc_single_image image=&#8221;1290&#8243; img_size=&#8221;full&#8221;][/vc_column_inner][vc_column_inner width=&#8221;1/2&#8243;][vc_empty_space][vc_column_text]</p>
<h1 style="text-align: center;"><span>JORNADAS DE LA MATANZA</span></h1>
<p><span>Declaradas Fiestas de Interés Turístico.  A finales del mes de Enero y hasta Semana Santa aproximadamente, durante los fines de semana se celebran en el restaurante Virrey Palafox unas jornadas culinarias con más de 20 platos con el cerdo como menú. También hacen la demostración del rito del sacrificio del cerdo a la manera tradicional, con gaiteros animando.</span></p>
<p style="text-align: center;"><a href="http://www.jornadasdelamatanza.com/">Información y reservas</a></p>
<p>[/vc_column_text][/vc_column_inner][vc_column_inner width=&#8221;1/4&#8243;][vc_single_image image=&#8221;1284&#8243; img_size=&#8221;full&#8221;][/vc_column_inner][/vc_row_inner][/vc_column][/vc_row][vc_row][vc_column][vc_hoverbox image=&#8221;1297&#8243; primary_title=&#8221;&#8221; hover_title=&#8221;MERCADO CELTÍBERO-ROMANO&#8221;]<span>Se suele celebrar un fin de semana de julio- agosto. Con espectáculos  y puestos que dan un ambiente inspirado en esa época y demostración de alguno de  los oficios tradicionales de entonces.</span>[/vc_hoverbox][/vc_column][/vc_row]</p>

<p>[vc_row][vc_column][/vc_column][/vc_row][vc_row el_class=&#8221;city-villa&#8221;][vc_column el_class=&#8221;no-gutter-top&#8221;][vc_row_inner el_class=&#8221;no-gutter&#8221;][vc_column_inner width=&#8221;1/2&#8243; offset=&#8221;vc_col-lg-3 vc_col-md-6&#8243;][/vc_column_inner][vc_column_inner width=&#8221;1/2&#8243; offset=&#8221;vc_col-lg-3 vc_col-md-6&#8243;][/vc_column_inner][vc_column_inner width=&#8221;1/2&#8243; offset=&#8221;vc_col-lg-3 vc_col-md-6&#8243;][/vc_column_inner][vc_column_inner width=&#8221;1/2&#8243; offset=&#8221;vc_col-lg-3 vc_col-md-6&#8243;][/vc_column_inner][/vc_row_inner][vc_empty_space][vc_column_text]FIESTAS DE SANTA CRISTINA Y SANTIAGO: Se celebran en Osma el 24 y 25 de julio, aunque siempre tienen más días de duración. Con peñas, actos religiosos (en esos días se puede visitar la imagen [&hellip;]</p>
